{"id":390,"date":"2022-03-16T20:08:39","date_gmt":"2022-03-16T19:08:39","guid":{"rendered":"https:\/\/o2couleurs.fr\/?page_id=390"},"modified":"2022-03-27T21:53:35","modified_gmt":"2022-03-27T19:53:35","slug":"barber","status":"publish","type":"page","link":"https:\/\/o2couleurs.fr\/index.php\/barber\/","title":{"rendered":"Barber"},"content":{"rendered":"\n<div class=\"wp-block-columns is-layout-flex wp-container-core-columns-is-layout-28f84493 wp-block-columns-is-layout-flex\">\n<div class=\"wp-block-column is-layout-flow wp-block-column-is-layout-flow\" style=\"flex-basis:66.66%\">\n<p>D\u00e9couvrez le service barber au salon de coiffure \u00d42 COULEURS, situ\u00e9 au c\u0153ur de Saint-Lambert-la-Potherie, proche de la pharmacie.<\/p>\n\n\n\n<p>Laissez-vous aller&nbsp;entre nos mains et profitez d&#8217;un temps pour vous.<\/p>\n\n\n\n<p>Nous disposons d&#8217;un fauteuil de barbier et vous b\u00e9n\u00e9ficierez de notre savoir-faire professionnel comptant plusieurs ann\u00e9es d&#8217;exp\u00e9rience. Nous proposons plusieurs services : taille de la barbe avec ou sans contours, taille de la moustache et du bouc.<\/p>\n\n\n\n<p>N&#8217;h\u00e9sitez plus et laissez-nous vous sculpter un nouveau look au salon \u00d42 COULEURS\u00a0!<\/p>\n<\/div>\n\n\n\n<div class=\"wp-block-column is-layout-flow wp-block-column-is-layout-flow\" style=\"flex-basis:33.33%\">\n<figure class=\"wp-block-image size-full is-resized\"><img loading=\"lazy\" decoding=\"async\" src=\"https:\/\/o2couleurs.fr\/wp-content\/uploads\/2022\/03\/smirk-3339274__340.webp\" alt=\"\" class=\"wp-image-261\" width=\"286\" height=\"381\" srcset=\"https:\/\/o2couleurs.fr\/wp-content\/uploads\/2022\/03\/smirk-3339274__340.webp 255w, https:\/\/o2couleurs.fr\/wp-content\/uploads\/2022\/03\/smirk-3339274__340-225x300.webp 225w\" sizes=\"auto, (max-width: 286px) 100vw, 286px\" \/><\/figure>\n<\/div>\n<\/div>\n","protected":false},"excerpt":{"rendered":"<p>D\u00e9couvrez le service barber au salon de coiffure \u00d42 COULEURS, situ\u00e9 au c\u0153ur de Saint-Lambert-la-Potherie, proche de la pharmacie. Laissez-vous aller&nbsp;entre nos mains et profitez d&#8217;un temps pour vous. Nous disposons d&#8217;un fauteuil de barbier et vous b\u00e9n\u00e9ficierez de notre savoir-faire professionnel comptant plusieurs ann\u00e9es d&#8217;exp\u00e9rience. Nous proposons plusieurs services [&hellip;]<\/p>\n","protected":false},"author":1,"featured_media":392,"parent":0,"menu_order":0,"comment_status":"closed","ping_status":"closed","template":"page-templates\/template-fullwidth.php","meta":{"ngg_post_thumbnail":0,"footnotes":""},"class_list":["post-390","page","type-page","status-publish","has-post-thumbnail","hentry"],"yoast_head":"<!-- This site is optimized with the Yoast SEO plugin v27.2 - https:\/\/yoast.com\/product\/yoast-seo-wordpress\/ -->\n<title>Barber - \u00d42 COULEURS<\/title>\n<meta name=\"robots\" content=\"index, follow, max-snippet:-1, max-image-preview:large, max-video-preview:-1\" \/>\n<link rel=\"canonical\" href=\"https:\/\/o2couleurs.fr\/index.php\/barber\/\" \/>\n<meta property=\"og:locale\" content=\"en_US\" \/>\n<meta property=\"og:type\" content=\"article\" \/>\n<meta property=\"og:title\" content=\"Barber - \u00d42 COULEURS\" \/>\n<meta property=\"og:description\" content=\"D\u00e9couvrez le service barber au salon de coiffure \u00d42 COULEURS, situ\u00e9 au c\u0153ur de Saint-Lambert-la-Potherie, proche de la pharmacie. Laissez-vous aller&nbsp;entre nos mains et profitez d&#8217;un temps pour vous. Nous disposons d&#8217;un fauteuil de barbier et vous b\u00e9n\u00e9ficierez de notre savoir-faire professionnel comptant plusieurs ann\u00e9es d&#8217;exp\u00e9rience. Nous proposons plusieurs services [&hellip;]\" \/>\n<meta property=\"og:url\" content=\"https:\/\/o2couleurs.fr\/index.php\/barber\/\" \/>\n<meta property=\"og:site_name\" content=\"\u00d42 COULEURS\" \/>\n<meta property=\"article:publisher\" content=\"https:\/\/www.facebook.com\/O2Couleurs\" \/>\n<meta property=\"article:modified_time\" content=\"2022-03-27T19:53:35+00:00\" \/>\n<meta property=\"og:image\" content=\"https:\/\/o2couleurs.fr\/wp-content\/uploads\/2022\/03\/pexels-rodnae-productions-7697717-scaled.jpg\" \/>\n\t<meta property=\"og:image:width\" content=\"2560\" \/>\n\t<meta property=\"og:image:height\" content=\"1707\" \/>\n\t<meta property=\"og:image:type\" content=\"image\/jpeg\" \/>\n<meta name=\"twitter:card\" content=\"summary_large_image\" \/>\n<script type=\"application\/ld+json\" class=\"yoast-schema-graph\">{\"@context\":\"https:\/\/schema.org\",\"@graph\":[{\"@type\":\"WebPage\",\"@id\":\"https:\/\/o2couleurs.fr\/index.php\/barber\/\",\"url\":\"https:\/\/o2couleurs.fr\/index.php\/barber\/\",\"name\":\"Barber - \u00d42 COULEURS\",\"isPartOf\":{\"@id\":\"https:\/\/o2couleurs.fr\/#website\"},\"primaryImageOfPage\":{\"@id\":\"https:\/\/o2couleurs.fr\/index.php\/barber\/#primaryimage\"},\"image\":{\"@id\":\"https:\/\/o2couleurs.fr\/index.php\/barber\/#primaryimage\"},\"thumbnailUrl\":\"https:\/\/o2couleurs.fr\/wp-content\/uploads\/2022\/03\/pexels-rodnae-productions-7697717-scaled.jpg\",\"datePublished\":\"2022-03-16T19:08:39+00:00\",\"dateModified\":\"2022-03-27T19:53:35+00:00\",\"breadcrumb\":{\"@id\":\"https:\/\/o2couleurs.fr\/index.php\/barber\/#breadcrumb\"},\"inLanguage\":\"en-US\",\"potentialAction\":[{\"@type\":\"ReadAction\",\"target\":[\"https:\/\/o2couleurs.fr\/index.php\/barber\/\"]}]},{\"@type\":\"ImageObject\",\"inLanguage\":\"en-US\",\"@id\":\"https:\/\/o2couleurs.fr\/index.php\/barber\/#primaryimage\",\"url\":\"https:\/\/o2couleurs.fr\/wp-content\/uploads\/2022\/03\/pexels-rodnae-productions-7697717-scaled.jpg\",\"contentUrl\":\"https:\/\/o2couleurs.fr\/wp-content\/uploads\/2022\/03\/pexels-rodnae-productions-7697717-scaled.jpg\",\"width\":2560,\"height\":1707},{\"@type\":\"BreadcrumbList\",\"@id\":\"https:\/\/o2couleurs.fr\/index.php\/barber\/#breadcrumb\",\"itemListElement\":[{\"@type\":\"ListItem\",\"position\":1,\"name\":\"Accueil\",\"item\":\"https:\/\/o2couleurs.fr\/\"},{\"@type\":\"ListItem\",\"position\":2,\"name\":\"Barber\"}]},{\"@type\":\"WebSite\",\"@id\":\"https:\/\/o2couleurs.fr\/#website\",\"url\":\"https:\/\/o2couleurs.fr\/\",\"name\":\"\u00d42 COULEURS\",\"description\":\"votre salon de coiffure\",\"publisher\":{\"@id\":\"https:\/\/o2couleurs.fr\/#organization\"},\"potentialAction\":[{\"@type\":\"SearchAction\",\"target\":{\"@type\":\"EntryPoint\",\"urlTemplate\":\"https:\/\/o2couleurs.fr\/?s={search_term_string}\"},\"query-input\":{\"@type\":\"PropertyValueSpecification\",\"valueRequired\":true,\"valueName\":\"search_term_string\"}}],\"inLanguage\":\"en-US\"},{\"@type\":\"Organization\",\"@id\":\"https:\/\/o2couleurs.fr\/#organization\",\"name\":\"\u00d42 COULEURS\",\"url\":\"https:\/\/o2couleurs.fr\/\",\"logo\":{\"@type\":\"ImageObject\",\"inLanguage\":\"en-US\",\"@id\":\"https:\/\/o2couleurs.fr\/#\/schema\/logo\/image\/\",\"url\":\"https:\/\/o2couleurs.fr\/wp-content\/uploads\/2023\/12\/text1.png\",\"contentUrl\":\"https:\/\/o2couleurs.fr\/wp-content\/uploads\/2023\/12\/text1.png\",\"width\":407,\"height\":110,\"caption\":\"\u00d42 COULEURS\"},\"image\":{\"@id\":\"https:\/\/o2couleurs.fr\/#\/schema\/logo\/image\/\"},\"sameAs\":[\"https:\/\/www.facebook.com\/O2Couleurs\"]}]}<\/script>\n<!-- \/ Yoast SEO plugin. -->","yoast_head_json":{"title":"Barber - \u00d42 COULEURS","robots":{"index":"index","follow":"follow","max-snippet":"max-snippet:-1","max-image-preview":"max-image-preview:large","max-video-preview":"max-video-preview:-1"},"canonical":"https:\/\/o2couleurs.fr\/index.php\/barber\/","og_locale":"en_US","og_type":"article","og_title":"Barber - \u00d42 COULEURS","og_description":"D\u00e9couvrez le service barber au salon de coiffure \u00d42 COULEURS, situ\u00e9 au c\u0153ur de Saint-Lambert-la-Potherie, proche de la pharmacie. Laissez-vous aller&nbsp;entre nos mains et profitez d&#8217;un temps pour vous. Nous disposons d&#8217;un fauteuil de barbier et vous b\u00e9n\u00e9ficierez de notre savoir-faire professionnel comptant plusieurs ann\u00e9es d&#8217;exp\u00e9rience. Nous proposons plusieurs services [&hellip;]","og_url":"https:\/\/o2couleurs.fr\/index.php\/barber\/","og_site_name":"\u00d42 COULEURS","article_publisher":"https:\/\/www.facebook.com\/O2Couleurs","article_modified_time":"2022-03-27T19:53:35+00:00","og_image":[{"width":2560,"height":1707,"url":"https:\/\/o2couleurs.fr\/wp-content\/uploads\/2022\/03\/pexels-rodnae-productions-7697717-scaled.jpg","type":"image\/jpeg"}],"twitter_card":"summary_large_image","schema":{"@context":"https:\/\/schema.org","@graph":[{"@type":"WebPage","@id":"https:\/\/o2couleurs.fr\/index.php\/barber\/","url":"https:\/\/o2couleurs.fr\/index.php\/barber\/","name":"Barber - \u00d42 COULEURS","isPartOf":{"@id":"https:\/\/o2couleurs.fr\/#website"},"primaryImageOfPage":{"@id":"https:\/\/o2couleurs.fr\/index.php\/barber\/#primaryimage"},"image":{"@id":"https:\/\/o2couleurs.fr\/index.php\/barber\/#primaryimage"},"thumbnailUrl":"https:\/\/o2couleurs.fr\/wp-content\/uploads\/2022\/03\/pexels-rodnae-productions-7697717-scaled.jpg","datePublished":"2022-03-16T19:08:39+00:00","dateModified":"2022-03-27T19:53:35+00:00","breadcrumb":{"@id":"https:\/\/o2couleurs.fr\/index.php\/barber\/#breadcrumb"},"inLanguage":"en-US","potentialAction":[{"@type":"ReadAction","target":["https:\/\/o2couleurs.fr\/index.php\/barber\/"]}]},{"@type":"ImageObject","inLanguage":"en-US","@id":"https:\/\/o2couleurs.fr\/index.php\/barber\/#primaryimage","url":"https:\/\/o2couleurs.fr\/wp-content\/uploads\/2022\/03\/pexels-rodnae-productions-7697717-scaled.jpg","contentUrl":"https:\/\/o2couleurs.fr\/wp-content\/uploads\/2022\/03\/pexels-rodnae-productions-7697717-scaled.jpg","width":2560,"height":1707},{"@type":"BreadcrumbList","@id":"https:\/\/o2couleurs.fr\/index.php\/barber\/#breadcrumb","itemListElement":[{"@type":"ListItem","position":1,"name":"Accueil","item":"https:\/\/o2couleurs.fr\/"},{"@type":"ListItem","position":2,"name":"Barber"}]},{"@type":"WebSite","@id":"https:\/\/o2couleurs.fr\/#website","url":"https:\/\/o2couleurs.fr\/","name":"\u00d42 COULEURS","description":"votre salon de coiffure","publisher":{"@id":"https:\/\/o2couleurs.fr\/#organization"},"potentialAction":[{"@type":"SearchAction","target":{"@type":"EntryPoint","urlTemplate":"https:\/\/o2couleurs.fr\/?s={search_term_string}"},"query-input":{"@type":"PropertyValueSpecification","valueRequired":true,"valueName":"search_term_string"}}],"inLanguage":"en-US"},{"@type":"Organization","@id":"https:\/\/o2couleurs.fr\/#organization","name":"\u00d42 COULEURS","url":"https:\/\/o2couleurs.fr\/","logo":{"@type":"ImageObject","inLanguage":"en-US","@id":"https:\/\/o2couleurs.fr\/#\/schema\/logo\/image\/","url":"https:\/\/o2couleurs.fr\/wp-content\/uploads\/2023\/12\/text1.png","contentUrl":"https:\/\/o2couleurs.fr\/wp-content\/uploads\/2023\/12\/text1.png","width":407,"height":110,"caption":"\u00d42 COULEURS"},"image":{"@id":"https:\/\/o2couleurs.fr\/#\/schema\/logo\/image\/"},"sameAs":["https:\/\/www.facebook.com\/O2Couleurs"]}]}},"_links":{"self":[{"href":"https:\/\/o2couleurs.fr\/index.php\/wp-json\/wp\/v2\/pages\/390","targetHints":{"allow":["GET"]}}],"collection":[{"href":"https:\/\/o2couleurs.fr\/index.php\/wp-json\/wp\/v2\/pages"}],"about":[{"href":"https:\/\/o2couleurs.fr\/index.php\/wp-json\/wp\/v2\/types\/page"}],"author":[{"embeddable":true,"href":"https:\/\/o2couleurs.fr\/index.php\/wp-json\/wp\/v2\/users\/1"}],"replies":[{"embeddable":true,"href":"https:\/\/o2couleurs.fr\/index.php\/wp-json\/wp\/v2\/comments?post=390"}],"version-history":[{"count":6,"href":"https:\/\/o2couleurs.fr\/index.php\/wp-json\/wp\/v2\/pages\/390\/revisions"}],"predecessor-version":[{"id":658,"href":"https:\/\/o2couleurs.fr\/index.php\/wp-json\/wp\/v2\/pages\/390\/revisions\/658"}],"wp:featuredmedia":[{"embeddable":true,"href":"https:\/\/o2couleurs.fr\/index.php\/wp-json\/wp\/v2\/media\/392"}],"wp:attachment":[{"href":"https:\/\/o2couleurs.fr\/index.php\/wp-json\/wp\/v2\/media?parent=390"}],"curies":[{"name":"wp","href":"https:\/\/api.w.org\/{rel}","templated":true}]}}