{"id":497,"date":"2022-03-22T21:11:33","date_gmt":"2022-03-22T20:11:33","guid":{"rendered":"https:\/\/o2couleurs.fr\/?page_id=497"},"modified":"2022-03-27T22:00:25","modified_gmt":"2022-03-27T20:00:25","slug":"authentique-beauty-concept","status":"publish","type":"page","link":"https:\/\/o2couleurs.fr\/index.php\/authentique-beauty-concept\/","title":{"rendered":"Authentique Beauty Concept"},"content":{"rendered":"\n<div class=\"wp-block-columns is-layout-flex wp-container-core-columns-is-layout-28f84493 wp-block-columns-is-layout-flex\">\n<div class=\"wp-block-column is-layout-flow wp-block-column-is-layout-flow\">\n<h4 class=\"wp-block-heading\">NOUS PENSONS<\/h4>\n\n\n\n<p>qu\u2019une beaut\u00e9 authentique<br>est&nbsp;<strong>naturelle et singuli\u00e8re.<\/strong><br>Elle n\u2019a pas besoin de filtres photo sophistiqu\u00e9s,<br>elle r\u00e9v\u00e8le son caract\u00e8re au fil du temps.<\/p>\n\n\n\n<h4 class=\"wp-block-heading\">NOUS CROYONS<\/h4>\n\n\n\n<p>aux&nbsp;<strong>ingr\u00e9dients&nbsp;<\/strong>avec des origines<br>soigneusement s\u00e9lectionn\u00e9es,<br>aux formules v\u00e9ganes,<br>sans sulfates ni silicones.<\/p>\n\n\n\n<p>Rejoignez l\u2019univers <strong><u>Authentic Beauty Movement<\/u><\/strong>.<\/p>\n<\/div>\n\n\n\n<div class=\"wp-block-column is-layout-flow wp-block-column-is-layout-flow\">\n<div class=\"wp-block-image\"><figure class=\"aligncenter size-full is-resized\"><img loading=\"lazy\" decoding=\"async\" src=\"https:\/\/o2couleurs.fr\/wp-content\/uploads\/2022\/03\/product_information_main_stage.jpg\" alt=\"\" class=\"wp-image-504\" width=\"564\" height=\"441\" srcset=\"https:\/\/o2couleurs.fr\/wp-content\/uploads\/2022\/03\/product_information_main_stage.jpg 975w, https:\/\/o2couleurs.fr\/wp-content\/uploads\/2022\/03\/product_information_main_stage-300x235.jpg 300w, https:\/\/o2couleurs.fr\/wp-content\/uploads\/2022\/03\/product_information_main_stage-768x601.jpg 768w\" sizes=\"auto, (max-width: 564px) 100vw, 564px\" \/><\/figure><\/div>\n<\/div>\n<\/div>\n\n\n\n<hr class=\"wp-block-separator\"\/>\n\n\n\n<h3 class=\"wp-block-heading\">GAMME HYDRATANTE POUR CHEVEUX SECS<\/h3>\n\n\n\n<div class=\"wp-block-columns is-layout-flex wp-container-core-columns-is-layout-28f84493 wp-block-columns-is-layout-flex\">\n<div class=\"wp-block-column is-layout-flow wp-block-column-is-layout-flow\">\n<div class=\"wp-block-image\"><figure class=\"aligncenter size-full is-resized\"><img loading=\"lazy\" decoding=\"async\" src=\"https:\/\/o2couleurs.fr\/wp-content\/uploads\/2022\/03\/PDP-Stage-Hydrate.jpg\" alt=\"\" class=\"wp-image-501\" width=\"421\" height=\"330\" srcset=\"https:\/\/o2couleurs.fr\/wp-content\/uploads\/2022\/03\/PDP-Stage-Hydrate.jpg 975w, https:\/\/o2couleurs.fr\/wp-content\/uploads\/2022\/03\/PDP-Stage-Hydrate-300x235.jpg 300w, https:\/\/o2couleurs.fr\/wp-content\/uploads\/2022\/03\/PDP-Stage-Hydrate-768x601.jpg 768w\" sizes=\"auto, (max-width: 421px) 100vw, 421px\" \/><\/figure><\/div>\n<\/div>\n\n\n\n<div class=\"wp-block-column is-layout-flow wp-block-column-is-layout-flow\">\n<p>Nous adorons l&#8217;\u00e9t\u00e9, le soleil et les d\u00e9licieux fruits qui les accompagnent. Lorsque le soleil est \u00e0 son z\u00e9nith et que l&#8217;air est chaud, rien de mieux que de se baigner. Et ensuite ? Il faut penser \u00e0 s&#8217;hydrater. Les cheveux, comme la peau, ont besoin d&#8217;une hydratation continue. ABC a puis\u00e9 son inspiration aupr\u00e8s du fruit d&#8217;\u00e9t\u00e9 pr\u00e9f\u00e9r\u00e9, la mangue, pour ses propri\u00e9t\u00e9s antioxydantes; et le basilic, connu pour son action apaisante et purifiante. ABC a ensuite combin\u00e9 des extraits de mangue et de basilic pour cr\u00e9er une gamme hydratante parfaite pour r\u00e9g\u00e9n\u00e9rer et revitaliser les cheveux.<\/p>\n<\/div>\n<\/div>\n\n\n\n<hr class=\"wp-block-separator\"\/>\n\n\n\n<h3 class=\"wp-block-heading\">GAMME BRILLANCE POUR CHEVEUX COLOR\u00c9S<\/h3>\n\n\n\n<div class=\"wp-block-columns is-layout-flex wp-container-core-columns-is-layout-28f84493 wp-block-columns-is-layout-flex\">\n<div class=\"wp-block-column is-layout-flow wp-block-column-is-layout-flow\">\n<p>L&#8217;inspiration peut venir de partout. Pensez \u00e0 l&#8217;odeur tant agr\u00e9able de la datte et de la cannelle, et les souvenirs que cela vous procure. Pas \u00e9tonnant que, dans la qu\u00eate de bons ingr\u00e9dients beaut\u00e9 d&#8217;ABC, ces deux-l\u00e0 leurs sont venus \u00e0 l&#8217;esprit. Un peu de recherche a permis de d\u00e9couvrir que la datte et la cannelle constituent des extraits parfaits pour cette gamme qui est id\u00e9ale pour sublimer les cheveux color\u00e9s, et leur apporter de la brillance de fa\u00e7on naturelle.<\/p>\n<\/div>\n\n\n\n<div class=\"wp-block-column is-layout-flow wp-block-column-is-layout-flow\">\n<div class=\"wp-block-image\"><figure class=\"aligncenter size-full is-resized\"><img loading=\"lazy\" decoding=\"async\" src=\"https:\/\/o2couleurs.fr\/wp-content\/uploads\/2022\/03\/PDP-Stage-Glow.jpg\" alt=\"\" class=\"wp-image-500\" width=\"407\" height=\"318\" srcset=\"https:\/\/o2couleurs.fr\/wp-content\/uploads\/2022\/03\/PDP-Stage-Glow.jpg 975w, https:\/\/o2couleurs.fr\/wp-content\/uploads\/2022\/03\/PDP-Stage-Glow-300x235.jpg 300w, https:\/\/o2couleurs.fr\/wp-content\/uploads\/2022\/03\/PDP-Stage-Glow-768x601.jpg 768w\" sizes=\"auto, (max-width: 407px) 100vw, 407px\" \/><\/figure><\/div>\n<\/div>\n<\/div>\n\n\n\n<hr class=\"wp-block-separator\"\/>\n\n\n\n<h3 class=\"wp-block-heading\">GAMME VOLUMISANTE POUR CHEVEUX FINS<\/h3>\n\n\n\n<div class=\"wp-block-columns is-layout-flex wp-container-core-columns-is-layout-28f84493 wp-block-columns-is-layout-flex\">\n<div class=\"wp-block-column is-layout-flow wp-block-column-is-layout-flow\">\n<div class=\"wp-block-image\"><figure class=\"aligncenter size-full is-resized\"><img loading=\"lazy\" decoding=\"async\" src=\"https:\/\/o2couleurs.fr\/wp-content\/uploads\/2022\/03\/PDP-Stage-Amplify.jpg\" alt=\"\" class=\"wp-image-499\" width=\"427\" height=\"334\" srcset=\"https:\/\/o2couleurs.fr\/wp-content\/uploads\/2022\/03\/PDP-Stage-Amplify.jpg 975w, https:\/\/o2couleurs.fr\/wp-content\/uploads\/2022\/03\/PDP-Stage-Amplify-300x235.jpg 300w, https:\/\/o2couleurs.fr\/wp-content\/uploads\/2022\/03\/PDP-Stage-Amplify-768x601.jpg 768w\" sizes=\"auto, (max-width: 427px) 100vw, 427px\" \/><\/figure><\/div>\n<\/div>\n\n\n\n<div class=\"wp-block-column is-layout-flow wp-block-column-is-layout-flow\">\n<p>Les Britanniques ne sont pas les seuls \u00e0 aimer le th\u00e9 ! Nous aimons aussi boire une tasse de th\u00e9 lorsque nous faisons une pause au cours de la journ\u00e9e. Il \u00e9tait donc naturel lors de la recherche d&#8217;ingr\u00e9dients pour les produits d&#8217;ABC, de se tourner vers le th\u00e9 vert pour trouver des solutions. Le th\u00e9 vert, connu pour ses propri\u00e9t\u00e9s antioxydantes, est devenu le point de d\u00e9part de la gamme Volumisante. Ces produits l\u00e9gers, combin\u00e9s \u00e0 une touche de citron vert, sont la solution id\u00e9ale pour apporter du corps et du volume \u00e0 votre chevelure.<\/p>\n<\/div>\n<\/div>\n\n\n\n<hr class=\"wp-block-separator\"\/>\n\n\n\n<h3 class=\"wp-block-heading\">GAMME R\u00c9PARATRICE POUR CHEVEUX SENSIBILIS\u00c9S<\/h3>\n\n\n\n<div class=\"wp-block-columns is-layout-flex wp-container-core-columns-is-layout-28f84493 wp-block-columns-is-layout-flex\">\n<div class=\"wp-block-column is-layout-flow wp-block-column-is-layout-flow\">\n<p>Tout le monde a besoin de temps \u00e0 autre d&#8217;un petit coup de boost. Les modes de vie hyper-actifs touchent aussi bien les coiffeurs que les clients. Nos organismes ne sont pas les seuls \u00e0 souffrir des emplois du temps surcharg\u00e9s, les d\u00e9g\u00e2ts sont visibles aussi sur nos cheveux. Comme votre corps, vos cheveux ont besoin d&#8217;\u00eatre nourris pour \u00eatre forts et pleins d&#8217;\u00e9nergie. C&#8217;est pourquoi la gamme R\u00e9paratrice, enrichie en extraits d&#8217;\u00e9rable et de noix de p\u00e9can, apporte brillance et nutrition aux cheveux.<\/p>\n<\/div>\n\n\n\n<div class=\"wp-block-column is-layout-flow wp-block-column-is-layout-flow\">\n<div class=\"wp-block-image\"><figure class=\"aligncenter size-full is-resized\"><img loading=\"lazy\" decoding=\"async\" src=\"https:\/\/o2couleurs.fr\/wp-content\/uploads\/2022\/03\/PDP-Stage-Replenish.jpg\" alt=\"\" class=\"wp-image-502\" width=\"465\" height=\"363\" srcset=\"https:\/\/o2couleurs.fr\/wp-content\/uploads\/2022\/03\/PDP-Stage-Replenish.jpg 975w, https:\/\/o2couleurs.fr\/wp-content\/uploads\/2022\/03\/PDP-Stage-Replenish-300x235.jpg 300w, https:\/\/o2couleurs.fr\/wp-content\/uploads\/2022\/03\/PDP-Stage-Replenish-768x601.jpg 768w\" sizes=\"auto, (max-width: 465px) 100vw, 465px\" \/><\/figure><\/div>\n<\/div>\n<\/div>\n\n\n\n<hr class=\"wp-block-separator\"\/>\n\n\n\n<h3 class=\"wp-block-heading\">SOINS POUR TOUS LES TYPES DE CHEVEUX ET DE CUIR CHEVELU<\/h3>\n\n\n\n<div class=\"wp-block-columns is-layout-flex wp-container-core-columns-is-layout-28f84493 wp-block-columns-is-layout-flex\">\n<div class=\"wp-block-column is-layout-flow wp-block-column-is-layout-flow\">\n<div class=\"wp-block-image\"><figure class=\"aligncenter size-full is-resized\"><img loading=\"lazy\" decoding=\"async\" src=\"https:\/\/o2couleurs.fr\/wp-content\/uploads\/2022\/03\/stage_neu.png\" alt=\"\" class=\"wp-image-505\" width=\"428\" height=\"334\" srcset=\"https:\/\/o2couleurs.fr\/wp-content\/uploads\/2022\/03\/stage_neu.png 975w, https:\/\/o2couleurs.fr\/wp-content\/uploads\/2022\/03\/stage_neu-300x235.png 300w, https:\/\/o2couleurs.fr\/wp-content\/uploads\/2022\/03\/stage_neu-768x601.png 768w\" sizes=\"auto, (max-width: 428px) 100vw, 428px\" \/><\/figure><\/div>\n<\/div>\n\n\n\n<div class=\"wp-block-column is-layout-flow wp-block-column-is-layout-flow\">\n<p>Pour le Bain Purifiant, ABC a utilis\u00e9 un extrait de riz violet issu du commerce \u00e9quitable, provenant d&#8217;Asie du Sud-Est. Cette gamme \u00e0 l&#8217;extrait de riz aide \u00e0 absorber le s\u00e9bum et les impuret\u00e9s des cheveux et du cuir chevelu. L&#8217;huile Fluide Sublimatrice, gr\u00e2ce \u00e0 sa consistance l\u00e9g\u00e8re, se r\u00e9partit parfaitement sur tous les types de cheveux, sans effet gras. Le Masque Gel\u00e9e Hydratante \u00e0 la Spiruline &amp; Alo\u00e9 Vera hydrate intens\u00e9ment le cuir chevelu et les cheveux et prot\u00e8ge des agressions ext\u00e9rieures en leur redonnant de la brillance.<\/p>\n<\/div>\n<\/div>\n\n\n\n<hr class=\"wp-block-separator\"\/>\n\n\n\n<h3 class=\"wp-block-heading\">ADOPTEZ LE COIFFAGE<\/h3>\n\n\n\n<div class=\"wp-block-columns is-layout-flex wp-container-core-columns-is-layout-28f84493 wp-block-columns-is-layout-flex\">\n<div class=\"wp-block-column is-layout-flow wp-block-column-is-layout-flow\">\n<p>Lorsqu&#8217;ABC a d\u00e9cid\u00e9 de cr\u00e9er une gamme de coiffage haute performance, pure et efficace \u00e0 la fois, le th\u00e8me &#8220;la nature rencontre la science&#8221; s&#8217;est impos\u00e9 imm\u00e9diatement dans ses discussions. ABC a ainsi \u00e9voqu\u00e9 quelques ingr\u00e9dients pr\u00e9sents dans leurs produits pouvant \u00eatre facilement remplac\u00e9s par des alternatives plus naturelles. Apr\u00e8s de nombreux tests, ABC a d\u00e9couvert des ingr\u00e9dients convenant parfaitement \u00e0 leurs produits, offrant une performance longue dur\u00e9e et des textures faciles \u00e0 travailler, sans avoir \u00e0 utiliser d&#8217;alternative synth\u00e9tique comme les silicones.<\/p>\n<\/div>\n\n\n\n<div class=\"wp-block-column is-layout-flow wp-block-column-is-layout-flow\">\n<div class=\"wp-block-image\"><figure class=\"aligncenter size-full is-resized\"><img loading=\"lazy\" decoding=\"async\" src=\"https:\/\/o2couleurs.fr\/wp-content\/uploads\/2022\/03\/PDP-Stage-Styling.jpg\" alt=\"\" class=\"wp-image-503\" width=\"495\" height=\"387\" srcset=\"https:\/\/o2couleurs.fr\/wp-content\/uploads\/2022\/03\/PDP-Stage-Styling.jpg 975w, https:\/\/o2couleurs.fr\/wp-content\/uploads\/2022\/03\/PDP-Stage-Styling-300x235.jpg 300w, https:\/\/o2couleurs.fr\/wp-content\/uploads\/2022\/03\/PDP-Stage-Styling-768x601.jpg 768w\" sizes=\"auto, (max-width: 495px) 100vw, 495px\" \/><\/figure><\/div>\n<\/div>\n<\/div>\n","protected":false},"excerpt":{"rendered":"<p>NOUS PENSONS qu\u2019une beaut\u00e9 authentiqueest&nbsp;naturelle et singuli\u00e8re.Elle n\u2019a pas besoin de filtres photo sophistiqu\u00e9s,elle r\u00e9v\u00e8le son caract\u00e8re au fil du temps. NOUS CROYONS aux&nbsp;ingr\u00e9dients&nbsp;avec des originessoigneusement s\u00e9lectionn\u00e9es,aux formules v\u00e9ganes,sans sulfates ni silicones. Rejoignez l\u2019univers Authentic Beauty Movement. GAMME HYDRATANTE POUR CHEVEUX SECS Nous adorons l&#8217;\u00e9t\u00e9, le soleil et les d\u00e9licieux [&hellip;]<\/p>\n","protected":false},"author":1,"featured_media":504,"parent":0,"menu_order":0,"comment_status":"closed","ping_status":"closed","template":"page-templates\/template-fullwidth.php","meta":{"ngg_post_thumbnail":0,"footnotes":""},"class_list":["post-497","page","type-page","status-publish","has-post-thumbnail","hentry"],"yoast_head":"<!-- This site is optimized with the Yoast SEO plugin v27.2 - https:\/\/yoast.com\/product\/yoast-seo-wordpress\/ -->\n<title>Authentique Beauty Concept - \u00d42 COULEURS<\/title>\n<meta name=\"robots\" content=\"index, follow, max-snippet:-1, max-image-preview:large, max-video-preview:-1\" \/>\n<link rel=\"canonical\" href=\"https:\/\/o2couleurs.fr\/index.php\/authentique-beauty-concept\/\" \/>\n<meta property=\"og:locale\" content=\"en_US\" \/>\n<meta property=\"og:type\" content=\"article\" \/>\n<meta property=\"og:title\" content=\"Authentique Beauty Concept - \u00d42 COULEURS\" \/>\n<meta property=\"og:description\" content=\"NOUS PENSONS qu\u2019une beaut\u00e9 authentiqueest&nbsp;naturelle et singuli\u00e8re.Elle n\u2019a pas besoin de filtres photo sophistiqu\u00e9s,elle r\u00e9v\u00e8le son caract\u00e8re au fil du temps. NOUS CROYONS aux&nbsp;ingr\u00e9dients&nbsp;avec des originessoigneusement s\u00e9lectionn\u00e9es,aux formules v\u00e9ganes,sans sulfates ni silicones. Rejoignez l\u2019univers Authentic Beauty Movement. GAMME HYDRATANTE POUR CHEVEUX SECS Nous adorons l&#8217;\u00e9t\u00e9, le soleil et les d\u00e9licieux [&hellip;]\" \/>\n<meta property=\"og:url\" content=\"https:\/\/o2couleurs.fr\/index.php\/authentique-beauty-concept\/\" \/>\n<meta property=\"og:site_name\" content=\"\u00d42 COULEURS\" \/>\n<meta property=\"article:publisher\" content=\"https:\/\/www.facebook.com\/O2Couleurs\" \/>\n<meta property=\"article:modified_time\" content=\"2022-03-27T20:00:25+00:00\" \/>\n<meta property=\"og:image\" content=\"https:\/\/o2couleurs.fr\/wp-content\/uploads\/2022\/03\/product_information_main_stage.jpg\" \/>\n\t<meta property=\"og:image:width\" content=\"975\" \/>\n\t<meta property=\"og:image:height\" content=\"763\" \/>\n\t<meta property=\"og:image:type\" content=\"image\/jpeg\" \/>\n<meta name=\"twitter:card\" content=\"summary_large_image\" \/>\n<meta name=\"twitter:label1\" content=\"Est. reading time\" \/>\n\t<meta name=\"twitter:data1\" content=\"3 minutes\" \/>\n<script type=\"application\/ld+json\" class=\"yoast-schema-graph\">{\"@context\":\"https:\/\/schema.org\",\"@graph\":[{\"@type\":\"WebPage\",\"@id\":\"https:\/\/o2couleurs.fr\/index.php\/authentique-beauty-concept\/\",\"url\":\"https:\/\/o2couleurs.fr\/index.php\/authentique-beauty-concept\/\",\"name\":\"Authentique Beauty Concept - \u00d42 COULEURS\",\"isPartOf\":{\"@id\":\"https:\/\/o2couleurs.fr\/#website\"},\"primaryImageOfPage\":{\"@id\":\"https:\/\/o2couleurs.fr\/index.php\/authentique-beauty-concept\/#primaryimage\"},\"image\":{\"@id\":\"https:\/\/o2couleurs.fr\/index.php\/authentique-beauty-concept\/#primaryimage\"},\"thumbnailUrl\":\"https:\/\/o2couleurs.fr\/wp-content\/uploads\/2022\/03\/product_information_main_stage.jpg\",\"datePublished\":\"2022-03-22T20:11:33+00:00\",\"dateModified\":\"2022-03-27T20:00:25+00:00\",\"breadcrumb\":{\"@id\":\"https:\/\/o2couleurs.fr\/index.php\/authentique-beauty-concept\/#breadcrumb\"},\"inLanguage\":\"en-US\",\"potentialAction\":[{\"@type\":\"ReadAction\",\"target\":[\"https:\/\/o2couleurs.fr\/index.php\/authentique-beauty-concept\/\"]}]},{\"@type\":\"ImageObject\",\"inLanguage\":\"en-US\",\"@id\":\"https:\/\/o2couleurs.fr\/index.php\/authentique-beauty-concept\/#primaryimage\",\"url\":\"https:\/\/o2couleurs.fr\/wp-content\/uploads\/2022\/03\/product_information_main_stage.jpg\",\"contentUrl\":\"https:\/\/o2couleurs.fr\/wp-content\/uploads\/2022\/03\/product_information_main_stage.jpg\",\"width\":975,\"height\":763},{\"@type\":\"BreadcrumbList\",\"@id\":\"https:\/\/o2couleurs.fr\/index.php\/authentique-beauty-concept\/#breadcrumb\",\"itemListElement\":[{\"@type\":\"ListItem\",\"position\":1,\"name\":\"Accueil\",\"item\":\"https:\/\/o2couleurs.fr\/\"},{\"@type\":\"ListItem\",\"position\":2,\"name\":\"Authentique Beauty Concept\"}]},{\"@type\":\"WebSite\",\"@id\":\"https:\/\/o2couleurs.fr\/#website\",\"url\":\"https:\/\/o2couleurs.fr\/\",\"name\":\"\u00d42 COULEURS\",\"description\":\"votre salon de coiffure\",\"publisher\":{\"@id\":\"https:\/\/o2couleurs.fr\/#organization\"},\"potentialAction\":[{\"@type\":\"SearchAction\",\"target\":{\"@type\":\"EntryPoint\",\"urlTemplate\":\"https:\/\/o2couleurs.fr\/?s={search_term_string}\"},\"query-input\":{\"@type\":\"PropertyValueSpecification\",\"valueRequired\":true,\"valueName\":\"search_term_string\"}}],\"inLanguage\":\"en-US\"},{\"@type\":\"Organization\",\"@id\":\"https:\/\/o2couleurs.fr\/#organization\",\"name\":\"\u00d42 COULEURS\",\"url\":\"https:\/\/o2couleurs.fr\/\",\"logo\":{\"@type\":\"ImageObject\",\"inLanguage\":\"en-US\",\"@id\":\"https:\/\/o2couleurs.fr\/#\/schema\/logo\/image\/\",\"url\":\"https:\/\/o2couleurs.fr\/wp-content\/uploads\/2023\/12\/text1.png\",\"contentUrl\":\"https:\/\/o2couleurs.fr\/wp-content\/uploads\/2023\/12\/text1.png\",\"width\":407,\"height\":110,\"caption\":\"\u00d42 COULEURS\"},\"image\":{\"@id\":\"https:\/\/o2couleurs.fr\/#\/schema\/logo\/image\/\"},\"sameAs\":[\"https:\/\/www.facebook.com\/O2Couleurs\"]}]}<\/script>\n<!-- \/ Yoast SEO plugin. -->","yoast_head_json":{"title":"Authentique Beauty Concept - \u00d42 COULEURS","robots":{"index":"index","follow":"follow","max-snippet":"max-snippet:-1","max-image-preview":"max-image-preview:large","max-video-preview":"max-video-preview:-1"},"canonical":"https:\/\/o2couleurs.fr\/index.php\/authentique-beauty-concept\/","og_locale":"en_US","og_type":"article","og_title":"Authentique Beauty Concept - \u00d42 COULEURS","og_description":"NOUS PENSONS qu\u2019une beaut\u00e9 authentiqueest&nbsp;naturelle et singuli\u00e8re.Elle n\u2019a pas besoin de filtres photo sophistiqu\u00e9s,elle r\u00e9v\u00e8le son caract\u00e8re au fil du temps. NOUS CROYONS aux&nbsp;ingr\u00e9dients&nbsp;avec des originessoigneusement s\u00e9lectionn\u00e9es,aux formules v\u00e9ganes,sans sulfates ni silicones. Rejoignez l\u2019univers Authentic Beauty Movement. GAMME HYDRATANTE POUR CHEVEUX SECS Nous adorons l&#8217;\u00e9t\u00e9, le soleil et les d\u00e9licieux [&hellip;]","og_url":"https:\/\/o2couleurs.fr\/index.php\/authentique-beauty-concept\/","og_site_name":"\u00d42 COULEURS","article_publisher":"https:\/\/www.facebook.com\/O2Couleurs","article_modified_time":"2022-03-27T20:00:25+00:00","og_image":[{"width":975,"height":763,"url":"https:\/\/o2couleurs.fr\/wp-content\/uploads\/2022\/03\/product_information_main_stage.jpg","type":"image\/jpeg"}],"twitter_card":"summary_large_image","twitter_misc":{"Est. reading time":"3 minutes"},"schema":{"@context":"https:\/\/schema.org","@graph":[{"@type":"WebPage","@id":"https:\/\/o2couleurs.fr\/index.php\/authentique-beauty-concept\/","url":"https:\/\/o2couleurs.fr\/index.php\/authentique-beauty-concept\/","name":"Authentique Beauty Concept - \u00d42 COULEURS","isPartOf":{"@id":"https:\/\/o2couleurs.fr\/#website"},"primaryImageOfPage":{"@id":"https:\/\/o2couleurs.fr\/index.php\/authentique-beauty-concept\/#primaryimage"},"image":{"@id":"https:\/\/o2couleurs.fr\/index.php\/authentique-beauty-concept\/#primaryimage"},"thumbnailUrl":"https:\/\/o2couleurs.fr\/wp-content\/uploads\/2022\/03\/product_information_main_stage.jpg","datePublished":"2022-03-22T20:11:33+00:00","dateModified":"2022-03-27T20:00:25+00:00","breadcrumb":{"@id":"https:\/\/o2couleurs.fr\/index.php\/authentique-beauty-concept\/#breadcrumb"},"inLanguage":"en-US","potentialAction":[{"@type":"ReadAction","target":["https:\/\/o2couleurs.fr\/index.php\/authentique-beauty-concept\/"]}]},{"@type":"ImageObject","inLanguage":"en-US","@id":"https:\/\/o2couleurs.fr\/index.php\/authentique-beauty-concept\/#primaryimage","url":"https:\/\/o2couleurs.fr\/wp-content\/uploads\/2022\/03\/product_information_main_stage.jpg","contentUrl":"https:\/\/o2couleurs.fr\/wp-content\/uploads\/2022\/03\/product_information_main_stage.jpg","width":975,"height":763},{"@type":"BreadcrumbList","@id":"https:\/\/o2couleurs.fr\/index.php\/authentique-beauty-concept\/#breadcrumb","itemListElement":[{"@type":"ListItem","position":1,"name":"Accueil","item":"https:\/\/o2couleurs.fr\/"},{"@type":"ListItem","position":2,"name":"Authentique Beauty Concept"}]},{"@type":"WebSite","@id":"https:\/\/o2couleurs.fr\/#website","url":"https:\/\/o2couleurs.fr\/","name":"\u00d42 COULEURS","description":"votre salon de coiffure","publisher":{"@id":"https:\/\/o2couleurs.fr\/#organization"},"potentialAction":[{"@type":"SearchAction","target":{"@type":"EntryPoint","urlTemplate":"https:\/\/o2couleurs.fr\/?s={search_term_string}"},"query-input":{"@type":"PropertyValueSpecification","valueRequired":true,"valueName":"search_term_string"}}],"inLanguage":"en-US"},{"@type":"Organization","@id":"https:\/\/o2couleurs.fr\/#organization","name":"\u00d42 COULEURS","url":"https:\/\/o2couleurs.fr\/","logo":{"@type":"ImageObject","inLanguage":"en-US","@id":"https:\/\/o2couleurs.fr\/#\/schema\/logo\/image\/","url":"https:\/\/o2couleurs.fr\/wp-content\/uploads\/2023\/12\/text1.png","contentUrl":"https:\/\/o2couleurs.fr\/wp-content\/uploads\/2023\/12\/text1.png","width":407,"height":110,"caption":"\u00d42 COULEURS"},"image":{"@id":"https:\/\/o2couleurs.fr\/#\/schema\/logo\/image\/"},"sameAs":["https:\/\/www.facebook.com\/O2Couleurs"]}]}},"_links":{"self":[{"href":"https:\/\/o2couleurs.fr\/index.php\/wp-json\/wp\/v2\/pages\/497","targetHints":{"allow":["GET"]}}],"collection":[{"href":"https:\/\/o2couleurs.fr\/index.php\/wp-json\/wp\/v2\/pages"}],"about":[{"href":"https:\/\/o2couleurs.fr\/index.php\/wp-json\/wp\/v2\/types\/page"}],"author":[{"embeddable":true,"href":"https:\/\/o2couleurs.fr\/index.php\/wp-json\/wp\/v2\/users\/1"}],"replies":[{"embeddable":true,"href":"https:\/\/o2couleurs.fr\/index.php\/wp-json\/wp\/v2\/comments?post=497"}],"version-history":[{"count":14,"href":"https:\/\/o2couleurs.fr\/index.php\/wp-json\/wp\/v2\/pages\/497\/revisions"}],"predecessor-version":[{"id":667,"href":"https:\/\/o2couleurs.fr\/index.php\/wp-json\/wp\/v2\/pages\/497\/revisions\/667"}],"wp:featuredmedia":[{"embeddable":true,"href":"https:\/\/o2couleurs.fr\/index.php\/wp-json\/wp\/v2\/media\/504"}],"wp:attachment":[{"href":"https:\/\/o2couleurs.fr\/index.php\/wp-json\/wp\/v2\/media?parent=497"}],"curies":[{"name":"wp","href":"https:\/\/api.w.org\/{rel}","templated":true}]}}